[INFO] cloning repository https://github.com/Mark-Simulacrum/association-rust-history
[INFO] running `Command { std: "git" "-c" "credential.helper=" "-c" "credential.helper=/workspace/cargo-home/bin/git-credential-null" "clone" "--bare" "https://github.com/Mark-Simulacrum/association-rust-history" "/workspace/cache/git-repos/https%3A%2F%2Fgithub.com%2FMark-Simulacrum%2Fassociation-rust-history", kill_on_drop: false }`
[INFO] [stderr] Cloning into bare repository '/workspace/cache/git-repos/https%3A%2F%2Fgithub.com%2FMark-Simulacrum%2Fassociation-rust-history'...
[INFO] running `Command { std: "git" "rev-parse" "HEAD", kill_on_drop: false }`
[INFO] [stdout] e77a5d0d9d207ff0eafe7489bf666bcdd31374cd
[INFO] checking Mark-Simulacrum/association-rust-history against master#9610dfe5a9a731ced1ea4923ecbd0c57fe367898 for beta-170-4
[INFO] running `Command { std: "git" "clone" "/workspace/cache/git-repos/https%3A%2F%2Fgithub.com%2FMark-Simulacrum%2Fassociation-rust-history" "/workspace/builds/worker-2-tc1/source", kill_on_drop: false }`
[INFO] [stderr] Cloning into '/workspace/builds/worker-2-tc1/source'...
[INFO] [stderr] done.
[INFO] validating manifest of git repo https://github.com/Mark-Simulacrum/association-rust-history on toolchain 9610dfe5a9a731ced1ea4923ecbd0c57fe367898
[INFO] running `Command { std: CARGO_HOME="/workspace/cargo-home" RUSTUP_HOME="/workspace/rustup-home" "/workspace/cargo-home/bin/cargo" "+9610dfe5a9a731ced1ea4923ecbd0c57fe367898" "metadata" "--manifest-path" "Cargo.toml" "--no-deps", kill_on_drop: false }`
[INFO] started tweaking git repo https://github.com/Mark-Simulacrum/association-rust-history
[INFO] finished tweaking git repo https://github.com/Mark-Simulacrum/association-rust-history
[INFO] tweaked toml for git repo https://github.com/Mark-Simulacrum/association-rust-history written to /workspace/builds/worker-2-tc1/source/Cargo.toml
[INFO] crate git repo https://github.com/Mark-Simulacrum/association-rust-history already has a lockfile, it will not be regenerated
[INFO] running `Command { std: CARGO_HOME="/workspace/cargo-home" RUSTUP_HOME="/workspace/rustup-home" "/workspace/cargo-home/bin/cargo" "+9610dfe5a9a731ced1ea4923ecbd0c57fe367898" "fetch" "--manifest-path" "Cargo.toml", kill_on_drop: false }`
[INFO] [stderr]  Downloading crates ...
[INFO] [stderr]   Downloaded termcolor v0.3.5
[INFO] [stderr]   Downloaded cmake v0.1.29
[INFO] [stderr]   Downloaded env_logger v0.5.6
[INFO] [stderr]   Downloaded humantime v1.1.1
[INFO] [stderr]   Downloaded atty v0.2.8
[INFO] [stderr]   Downloaded quick-error v1.2.1
[INFO] [stderr]   Downloaded bincode v1.0.0
[INFO] [stderr]   Downloaded num-traits v0.2.2
[INFO] [stderr]   Downloaded num-integer v0.1.36
[INFO] [stderr]   Downloaded serde v1.0.33
[INFO] [stderr]   Downloaded num-iter v0.1.35
[INFO] [stderr]   Downloaded fixedbitset v0.1.8
[INFO] [stderr]   Downloaded petgraph v0.4.11
[INFO] [stderr]   Downloaded syn v0.12.14
[INFO] [stderr]   Downloaded serde_derive_internals v0.21.0
[INFO] [stderr]   Downloaded serde_derive v1.0.33
[INFO] [stderr]   Downloaded libc v0.2.39
[INFO] [stderr]   Downloaded curl-sys v0.4.1
[INFO] [stderr]   Downloaded libgit2-sys v0.7.1
[INFO] [stderr]   Downloaded wincolor v0.1.6
[INFO] [stderr]   Downloaded git2 v0.7.0
[INFO] running `Command { std: "docker" "create" "-v" "/var/lib/crater-agent-workspace/builds/worker-2-tc1/target:/opt/rustwide/target:rw,Z" "-v" "/var/lib/crater-agent-workspace/builds/worker-2-tc1/source:/opt/rustwide/workdir:ro,Z" "-v" "/var/lib/crater-agent-workspace/cargo-home:/opt/rustwide/cargo-home:ro,Z" "-v" "/var/lib/crater-agent-workspace/rustup-home:/opt/rustwide/rustup-home:ro,Z" "-e" "SOURCE_DIR=/opt/rustwide/workdir" "-e" "CARGO_TARGET_DIR=/opt/rustwide/target" "-e" "CARGO_HOME=/opt/rustwide/cargo-home" "-e" "RUSTUP_HOME=/opt/rustwide/rustup-home" "-w" "/opt/rustwide/workdir" "-m" "1610612736" "--user" "0:0" "--network" "none" "ghcr.io/rust-lang/crates-build-env/linux@sha256:19e73879b68f455e41552ea35293514db52ea292d993f571636dbffedb77a1ee" "/opt/rustwide/cargo-home/bin/cargo" "+9610dfe5a9a731ced1ea4923ecbd0c57fe367898" "metadata" "--no-deps" "--format-version=1", kill_on_drop: false }`
[INFO] [stdout] 5f282bb4382b2d9c0c404f43003e71ea848749847f24fbc43eb2e3bf2af4e656
[INFO] running `Command { std: "docker" "start" "-a" "5f282bb4382b2d9c0c404f43003e71ea848749847f24fbc43eb2e3bf2af4e656", kill_on_drop: false }`
[INFO] running `Command { std: "docker" "inspect" "5f282bb4382b2d9c0c404f43003e71ea848749847f24fbc43eb2e3bf2af4e656", kill_on_drop: false }`
[INFO] running `Command { std: "docker" "rm" "-f" "5f282bb4382b2d9c0c404f43003e71ea848749847f24fbc43eb2e3bf2af4e656", kill_on_drop: false }`
[INFO] [stdout] 5f282bb4382b2d9c0c404f43003e71ea848749847f24fbc43eb2e3bf2af4e656
[INFO] running `Command { std: "docker" "create" "-v" "/var/lib/crater-agent-workspace/builds/worker-2-tc1/target:/opt/rustwide/target:rw,Z" "-v" "/var/lib/crater-agent-workspace/builds/worker-2-tc1/source:/opt/rustwide/workdir:ro,Z" "-v" "/var/lib/crater-agent-workspace/cargo-home:/opt/rustwide/cargo-home:ro,Z" "-v" "/var/lib/crater-agent-workspace/rustup-home:/opt/rustwide/rustup-home:ro,Z" "-e" "SOURCE_DIR=/opt/rustwide/workdir" "-e" "CARGO_TARGET_DIR=/opt/rustwide/target" "-e" "CARGO_INCREMENTAL=0" "-e" "RUST_BACKTRACE=full" "-e" "RUSTFLAGS=--cap-lints=forbid" "-e" "RUSTDOCFLAGS=--cap-lints=forbid" "-e" "CARGO_HOME=/opt/rustwide/cargo-home" "-e" "RUSTUP_HOME=/opt/rustwide/rustup-home" "-w" "/opt/rustwide/workdir" "-m" "1610612736" "--user" "0:0" "--network" "none" "ghcr.io/rust-lang/crates-build-env/linux@sha256:19e73879b68f455e41552ea35293514db52ea292d993f571636dbffedb77a1ee" "/opt/rustwide/cargo-home/bin/cargo" "+9610dfe5a9a731ced1ea4923ecbd0c57fe367898" "check" "--frozen" "--all" "--all-targets" "--message-format=json", kill_on_drop: false }`
[INFO] [stdout] b5ce704fc73f5a556b484a2fdad9777998155158228980d24ead22f82e40081a
[INFO] running `Command { std: "docker" "start" "-a" "b5ce704fc73f5a556b484a2fdad9777998155158228980d24ead22f82e40081a", kill_on_drop: false }`
[INFO] [stderr]    Compiling cc v1.0.9
[INFO] [stderr]    Compiling pkg-config v0.3.9
[INFO] [stderr]     Checking libc v0.2.39
[INFO] [stderr]    Compiling unicode-xid v0.1.0
[INFO] [stderr]    Compiling unicode-xid v0.0.4
[INFO] [stderr]     Checking matches v0.1.6
[INFO] [stderr]     Checking num-traits v0.2.2
[INFO] [stderr]    Compiling quote v0.3.15
[INFO] [stderr]     Checking cfg-if v0.1.2
[INFO] [stderr]     Checking void v1.0.2
[INFO] [stderr]    Compiling regex v0.2.10
[INFO] [stderr]     Checking lazy_static v1.0.0
[INFO] [stderr]     Checking ucd-util v0.1.1
[INFO] [stderr]     Checking unicode-normalization v0.1.5
[INFO] [stderr]     Checking utf8-ranges v1.0.0
[INFO] [stderr]     Checking percent-encoding v1.0.1
[INFO] [stderr]     Checking quick-error v1.2.1
[INFO] [stderr]     Checking unicode-bidi v0.3.4
[INFO] [stderr]     Checking unreachable v1.0.0
[INFO] [stderr]    Compiling proc-macro2 v0.2.3
[INFO] [stderr]    Compiling synom v0.11.3
[INFO] [stderr]     Checking rustc-demangle v0.1.7
[INFO] [stderr]     Checking serde v1.0.33
[INFO] [stderr]     Checking thread_local v0.3.5
[INFO] [stderr]     Checking regex-syntax v0.5.3
[INFO] [stderr]     Checking humantime v1.1.1
[INFO] [stderr]     Checking log v0.4.1
[INFO] [stderr]    Compiling syn v0.11.11
[INFO] [stderr]     Checking byteorder v1.2.1
[INFO] [stderr]     Checking openssl-probe v0.1.2
[INFO] [stderr]     Checking fixedbitset v0.1.8
[INFO] [stderr]     Checking termcolor v0.3.5
[INFO] [stderr]     Checking bitflags v1.0.1
[INFO] [stderr]     Checking ordermap v0.3.5
[INFO] [stderr]    Compiling cmake v0.1.29
[INFO] [stderr]    Compiling quote v0.4.2
[INFO] [stderr]     Checking memchr v2.0.1
[INFO] [stderr]     Checking time v0.1.39
[INFO] [stderr]     Checking atty v0.2.8
[INFO] [stderr]    Compiling syn v0.12.14
[INFO] [stderr]     Checking aho-corasick v0.6.4
[INFO] [stderr]     Checking petgraph v0.4.11
[INFO] [stderr]     Checking idna v0.1.4
[INFO] [stderr]     Checking num-integer v0.1.36
[INFO] [stderr]    Compiling libz-sys v1.0.18
[INFO] [stderr]    Compiling openssl-sys v0.9.27
[INFO] [stderr]    Compiling curl-sys v0.4.1
[INFO] [stderr]    Compiling backtrace-sys v0.1.16
[INFO] [stderr]    Compiling libssh2-sys v0.2.6
[INFO] [stderr]    Compiling libgit2-sys v0.7.1
[INFO] [stderr]     Checking num-iter v0.1.35
[INFO] [stderr]     Checking num v0.1.42
[INFO] [stderr]    Compiling synstructure v0.6.1
[INFO] [stdout] error[E0034]: multiple applicable items in scope
[INFO] [stdout]     --> /opt/rustwide/cargo-home/registry/src/index.crates.io-6f17d22bba15001f/petgraph-0.4.11/src/graph_impl/stable_graph/mod.rs:1173:19
[INFO] [stdout]      |
[INFO] [stdout] 1173 |         self.iter.find_map(|(i, node)| {
[INFO] [stdout]      |                   ^^^^^^^^ multiple `find_map` found
[INFO] [stdout]      |
[INFO] [stdout] note: candidate #1 is defined in an impl of the trait `IterUtilsExt` for the type `I`
[INFO] [stdout]     --> /opt/rustwide/cargo-home/registry/src/index.crates.io-6f17d22bba15001f/petgraph-0.4.11/src/iter_utils.rs:5:5
[INFO] [stdout]      |
[INFO] [stdout] 5    | /     fn find_map<F, R>(&mut self, mut f: F) -> Option<R>
[INFO] [stdout] 6    | |         where F: FnMut(Self::Item) -> Option<R>
[INFO] [stdout]      | |_______________________________________________^
[INFO] [stdout]      = note: candidate #2 is defined in an impl of the trait `Iterator` for the type `Enumerate<I>`
[INFO] [stdout] help: disambiguate the method for candidate #1
[INFO] [stdout]      |
[INFO] [stdout] 1173 ~         IterUtilsExt::find_map(&mut self.iter, |(i, node)| {
[INFO] [stdout] 1174 +             node.weight.as_ref().map(move |w| (node_index(i), w))
[INFO] [stdout] 1175 +         })
[INFO] [stdout]      |
[INFO] [stdout] help: disambiguate the method for candidate #2
[INFO] [stdout]      |
[INFO] [stdout] 1173 ~         Iterator::find_map(&mut self.iter, |(i, node)| {
[INFO] [stdout] 1174 +             node.weight.as_ref().map(move |w| (node_index(i), w))
[INFO] [stdout] 1175 +         })
[INFO] [stdout]      |
[INFO] [stdout] 
[INFO] [stdout] 
[INFO] [stdout] error[E0034]: multiple applicable items in scope
[INFO] [stdout]     --> /opt/rustwide/cargo-home/registry/src/index.crates.io-6f17d22bba15001f/petgraph-0.4.11/src/graph_impl/stable_graph/mod.rs:1365:19
[INFO] [stdout]      |
[INFO] [stdout] 1365 |         self.iter.find_map(|(i, edge)|
[INFO] [stdout]      |                   ^^^^^^^^ multiple `find_map` found
[INFO] [stdout]      |
[INFO] [stdout] note: candidate #1 is defined in an impl of the trait `IterUtilsExt` for the type `I`
[INFO] [stdout]     --> /opt/rustwide/cargo-home/registry/src/index.crates.io-6f17d22bba15001f/petgraph-0.4.11/src/iter_utils.rs:5:5
[INFO] [stdout]      |
[INFO] [stdout] 5    | /     fn find_map<F, R>(&mut self, mut f: F) -> Option<R>
[INFO] [stdout] 6    | |         where F: FnMut(Self::Item) -> Option<R>
[INFO] [stdout]      | |_______________________________________________^
[INFO] [stdout]      = note: candidate #2 is defined in an impl of the trait `Iterator` for the type `Enumerate<I>`
[INFO] [stdout] help: disambiguate the method for candidate #1
[INFO] [stdout]      |
[INFO] [stdout] 1365 ~         IterUtilsExt::find_map(&mut self.iter, |(i, edge)|
[INFO] [stdout] 1366 +             edge.weight.as_ref().map(move |weight| {
[INFO] [stdout] 1367 +                 EdgeReference {
[INFO] [stdout] 1368 +                     index: edge_index(i),
[INFO] [stdout] 1369 +                     node: edge.node,
[INFO] [stdout] 1370 +                     weight: weight,
[INFO] [stdout] 1371 +                 }
[INFO] [stdout] 1372 +             }))
[INFO] [stdout]      |
[INFO] [stdout] help: disambiguate the method for candidate #2
[INFO] [stdout]      |
[INFO] [stdout] 1365 ~         Iterator::find_map(&mut self.iter, |(i, edge)|
[INFO] [stdout] 1366 +             edge.weight.as_ref().map(move |weight| {
[INFO] [stdout] 1367 +                 EdgeReference {
[INFO] [stdout] 1368 +                     index: edge_index(i),
[INFO] [stdout] 1369 +                     node: edge.node,
[INFO] [stdout] 1370 +                     weight: weight,
[INFO] [stdout] 1371 +                 }
[INFO] [stdout] 1372 +             }))
[INFO] [stdout]      |
[INFO] [stdout] 
[INFO] [stdout] 
[INFO] [stdout] error[E0034]: multiple applicable items in scope
[INFO] [stdout]     --> /opt/rustwide/cargo-home/registry/src/index.crates.io-6f17d22bba15001f/petgraph-0.4.11/src/graph_impl/stable_graph/mod.rs:1529:19
[INFO] [stdout]      |
[INFO] [stdout] 1529 |         self.iter.find_map(|(i, node)| {
[INFO] [stdout]      |                   ^^^^^^^^ multiple `find_map` found
[INFO] [stdout]      |
[INFO] [stdout] note: candidate #1 is defined in an impl of the trait `IterUtilsExt` for the type `I`
[INFO] [stdout]     --> /opt/rustwide/cargo-home/registry/src/index.crates.io-6f17d22bba15001f/petgraph-0.4.11/src/iter_utils.rs:5:5
[INFO] [stdout]      |
[INFO] [stdout] 5    | /     fn find_map<F, R>(&mut self, mut f: F) -> Option<R>
[INFO] [stdout] 6    | |         where F: FnMut(Self::Item) -> Option<R>
[INFO] [stdout]      | |_______________________________________________^
[INFO] [stdout]      = note: candidate #2 is defined in an impl of the trait `Iterator` for the type `Enumerate<I>`
[INFO] [stdout] help: disambiguate the method for candidate #1
[INFO] [stdout]      |
[INFO] [stdout] 1529 ~         IterUtilsExt::find_map(&mut self.iter, |(i, node)| {
[INFO] [stdout] 1530 +             if node.weight.is_some() {
[INFO] [stdout] 1531 +                 Some(node_index(i))
[INFO] [stdout] 1532 +             } else { None }
[INFO] [stdout] 1533 +         })
[INFO] [stdout]      |
[INFO] [stdout] help: disambiguate the method for candidate #2
[INFO] [stdout]      |
[INFO] [stdout] 1529 ~         Iterator::find_map(&mut self.iter, |(i, node)| {
[INFO] [stdout] 1530 +             if node.weight.is_some() {
[INFO] [stdout] 1531 +                 Some(node_index(i))
[INFO] [stdout] 1532 +             } else { None }
[INFO] [stdout] 1533 +         })
[INFO] [stdout]      |
[INFO] [stdout] 
[INFO] [stdout] 
[INFO] [stdout] error[E0034]: multiple applicable items in scope
[INFO] [stdout]     --> /opt/rustwide/cargo-home/registry/src/index.crates.io-6f17d22bba15001f/petgraph-0.4.11/src/graph_impl/stable_graph/mod.rs:1575:19
[INFO] [stdout]      |
[INFO] [stdout] 1575 |         self.iter.find_map(|(i, node)| {
[INFO] [stdout]      |                   ^^^^^^^^ multiple `find_map` found
[INFO] [stdout]      |
[INFO] [stdout] note: candidate #1 is defined in an impl of the trait `IterUtilsExt` for the type `I`
[INFO] [stdout]     --> /opt/rustwide/cargo-home/registry/src/index.crates.io-6f17d22bba15001f/petgraph-0.4.11/src/iter_utils.rs:5:5
[INFO] [stdout]      |
[INFO] [stdout] 5    | /     fn find_map<F, R>(&mut self, mut f: F) -> Option<R>
[INFO] [stdout] 6    | |         where F: FnMut(Self::Item) -> Option<R>
[INFO] [stdout]      | |_______________________________________________^
[INFO] [stdout]      = note: candidate #2 is defined in an impl of the trait `Iterator` for the type `Enumerate<I>`
[INFO] [stdout] help: disambiguate the method for candidate #1
[INFO] [stdout]      |
[INFO] [stdout] 1575 ~         IterUtilsExt::find_map(&mut self.iter, |(i, node)| {
[INFO] [stdout] 1576 +             if node.weight.is_some() {
[INFO] [stdout] 1577 +                 Some(edge_index(i))
[INFO] [stdout] 1578 +             } else { None }
[INFO] [stdout] 1579 +         })
[INFO] [stdout]      |
[INFO] [stdout] help: disambiguate the method for candidate #2
[INFO] [stdout]      |
[INFO] [stdout] 1575 ~         Iterator::find_map(&mut self.iter, |(i, node)| {
[INFO] [stdout] 1576 +             if node.weight.is_some() {
[INFO] [stdout] 1577 +                 Some(edge_index(i))
[INFO] [stdout] 1578 +             } else { None }
[INFO] [stdout] 1579 +         })
[INFO] [stdout]      |
[INFO] [stdout] 
[INFO] [stdout] 
[INFO] [stderr] error: failed to run custom build command for `openssl-sys v0.9.27`
[INFO] [stderr] note: To improve backtraces for build dependencies, set the CARGO_PROFILE_DEV_BUILD_OVERRIDE_DEBUG=true environment variable to enable debug information generation.
[INFO] [stderr] 
[INFO] [stderr] Caused by:
[INFO] [stderr]   process didn't exit successfully: `/opt/rustwide/target/debug/build/openssl-sys-cf8eba8c6417a235/build-script-build` (exit status: 101)
[INFO] [stderr]   --- stdout
[INFO] [stderr]   cargo:rerun-if-env-changed=X86_64_UNKNOWN_LINUX_GNU_OPENSSL_LIB_DIR
[INFO] [stderr]   cargo:rerun-if-env-changed=OPENSSL_LIB_DIR
[INFO] [stderr]   cargo:rerun-if-env-changed=X86_64_UNKNOWN_LINUX_GNU_OPENSSL_INCLUDE_DIR
[INFO] [stderr]   cargo:rerun-if-env-changed=OPENSSL_INCLUDE_DIR
[INFO] [stderr]   cargo:rerun-if-env-changed=X86_64_UNKNOWN_LINUX_GNU_OPENSSL_DIR
[INFO] [stderr]   cargo:rerun-if-env-changed=OPENSSL_DIR
[INFO] [stderr]   cargo:rustc-link-lib=ssl
[INFO] [stderr]   cargo:rustc-link-lib=crypto
[INFO] [stderr]   OPT_LEVEL = Some("0")
[INFO] [stderr]   TARGET = Some("x86_64-unknown-linux-gnu")
[INFO] [stderr]   HOST = Some("x86_64-unknown-linux-gnu")
[INFO] [stderr]   TARGET = Some("x86_64-unknown-linux-gnu")
[INFO] [stderr]   TARGET = Some("x86_64-unknown-linux-gnu")
[INFO] [stderr]   HOST = Some("x86_64-unknown-linux-gnu")
[INFO] [stderr]   CC_x86_64-unknown-linux-gnu = None
[INFO] [stderr]   CC_x86_64_unknown_linux_gnu = None
[INFO] [stderr]   HOST_CC = None
[INFO] [stderr]   CC = None
[INFO] [stderr]   HOST = Some("x86_64-unknown-linux-gnu")
[INFO] [stderr]   TARGET = Some("x86_64-unknown-linux-gnu")
[INFO] [stderr]   HOST = Some("x86_64-unknown-linux-gnu")
[INFO] [stderr]   CFLAGS_x86_64-unknown-linux-gnu = None
[INFO] [stderr]   CFLAGS_x86_64_unknown_linux_gnu = None
[INFO] [stderr]   HOST_CFLAGS = None
[INFO] [stderr]   CFLAGS = None
[INFO] [stderr]   DEBUG = Some("true")
[INFO] [stderr]   running: "cc" "-O0" "-ffunction-sections" "-fdata-sections" "-fPIC" "-g" "-m64" "-Wall" "-Wextra" "-E" "/opt/rustwide/target/debug/build/openssl-sys-6522e920b5a2e0c4/out/expando.c"
[INFO] [stderr]   exit status: 0
[INFO] [stderr]   cargo:rustc-cfg=osslconf="OPENSSL_NO_SSL3_METHOD"
[INFO] [stderr]   cargo:conf=OPENSSL_NO_SSL3_METHOD
[INFO] [stderr] 
[INFO] [stderr]   --- stderr
[INFO] [stderr]   thread 'main' panicked at '
[INFO] [stderr] 
[INFO] [stderr]   This crate is only compatible with OpenSSL 1.0.1 through 1.1.1, or LibreSSL 2.5
[INFO] [stderr]   and 2.6, but a different version of OpenSSL was found. The build is now aborting
[INFO] [stderr]   due to this version mismatch.
[INFO] [stderr] 
[INFO] [stderr]   ', /opt/rustwide/cargo-home/registry/src/index.crates.io-6f17d22bba15001f/openssl-sys-0.9.27/build.rs:500:9
[INFO] [stderr]   stack backtrace:
[INFO] [stderr]      0:     0x5616ca20cf21 - std::backtrace_rs::backtrace::libunwind::trace::h036e87df56fc4b9d
[INFO] [stderr]                                  at /rustc/9610dfe5a9a731ced1ea4923ecbd0c57fe367898/library/std/src/../../backtrace/src/backtrace/libunwind.rs:93:5
[INFO] [stderr]      1:     0x5616ca20cf21 - std::backtrace_rs::backtrace::trace_unsynchronized::hd61eb2dbd6ae476a
[INFO] [stderr]                                  at /rustc/9610dfe5a9a731ced1ea4923ecbd0c57fe367898/library/std/src/../../backtrace/src/backtrace/mod.rs:66:5
[INFO] [stderr]      2:     0x5616ca20cf21 - std::sys_common::backtrace::_print_fmt::h00c50d0875db23c9
[INFO] [stderr]                                  at /rustc/9610dfe5a9a731ced1ea4923ecbd0c57fe367898/library/std/src/sys_common/backtrace.rs:65:5
[INFO] [stderr]      3:     0x5616ca20cf21 - <std::sys_common::backtrace::_print::DisplayBacktrace as core::fmt::Display>::fmt::h63195ab2dde77ccc
[INFO] [stderr]                                  at /rustc/9610dfe5a9a731ced1ea4923ecbd0c57fe367898/library/std/src/sys_common/backtrace.rs:44:22
[INFO] [stderr]      4:     0x5616ca22ee0f - core::fmt::rt::Argument::fmt::h83f4110348c688f4
[INFO] [stderr]                                  at /rustc/9610dfe5a9a731ced1ea4923ecbd0c57fe367898/library/core/src/fmt/rt.rs:138:9
[INFO] [stderr]      5:     0x5616ca22ee0f - core::fmt::write::h509367dd365f983a
[INFO] [stderr]                                  at /rustc/9610dfe5a9a731ced1ea4923ecbd0c57fe367898/library/core/src/fmt/mod.rs:1094:21
[INFO] [stderr]      6:     0x5616ca20a5f1 - std::io::Write::write_fmt::h8e60bfebdaabfee5
[INFO] [stderr]                                  at /rustc/9610dfe5a9a731ced1ea4923ecbd0c57fe367898/library/std/src/io/mod.rs:1713:15
[INFO] [stderr]      7:     0x5616ca20cd35 - std::sys_common::backtrace::_print::h96e550016098cde6
[INFO] [stderr]                                  at /rustc/9610dfe5a9a731ced1ea4923ecbd0c57fe367898/library/std/src/sys_common/backtrace.rs:47:5
[INFO] [stderr]      8:     0x5616ca20cd35 - std::sys_common::backtrace::print::h7a049611b153a02e
[INFO] [stderr]                                  at /rustc/9610dfe5a9a731ced1ea4923ecbd0c57fe367898/library/std/src/sys_common/backtrace.rs:34:9
[INFO] [stderr]      9:     0x5616ca20e407 - std::panicking::default_hook::{{closure}}::h1b023d46676794c4
[INFO] [stderr]     10:     0x5616ca20e1f4 - std::panicking::default_hook::hea2961dabcf68e83
[INFO] [stderr]                                  at /rustc/9610dfe5a9a731ced1ea4923ecbd0c57fe367898/library/std/src/panicking.rs:288:9
[INFO] [stderr]     11:     0x5616ca20e8bc - std::panicking::rust_panic_with_hook::h4285c91a8168b001
[INFO] [stderr]                                  at /rustc/9610dfe5a9a731ced1ea4923ecbd0c57fe367898/library/std/src/panicking.rs:705:13
[INFO] [stderr]     12:     0x5616ca1e74aa - std::panicking::begin_panic::{{closure}}::hdb19852de5984ad7
[INFO] [stderr]     13:     0x5616ca1d431a - std::sys_common::backtrace::__rust_end_short_backtrace::h1fa8b01a7f8d4f62
[INFO] [stderr]     14:     0x5616ca1e742b - std::panicking::begin_panic::hc399dbb65d6cfddb
[INFO] [stderr]     15:     0x5616ca1a3904 - build_script_build::validate_headers::hc72f0b3f5286a8c4
[INFO] [stderr]     16:     0x5616ca1a287a - build_script_build::try_pkg_config::h9cd6bc0b114dc479
[INFO] [stderr]     17:     0x5616ca1a19aa - build_script_build::find_openssl_dir::h933bd7587c77e2ea
[INFO] [stderr]     18:     0x5616ca1a17c8 - build_script_build::main::{{closure}}::h261045dbad3b2d31
[INFO] [stderr]     19:     0x5616ca1a7599 - core::option::Option<T>::unwrap_or_else::h05dc2d4a082d15e5
[INFO] [stderr]     20:     0x5616ca1a0811 - build_script_build::main::h2b506241d3d378f3
[INFO] [stderr]     21:     0x5616ca1abfa3 - core::ops::function::FnOnce::call_once::hae5acf163a53b25a
[INFO] [stderr]     22:     0x5616ca1a6326 - std::sys_common::backtrace::__rust_begin_short_backtrace::h277191b03e90b1a4
[INFO] [stderr]     23:     0x5616ca1a6379 - std::rt::lang_start::{{closure}}::hd805221472e56f83
[INFO] [stderr]     24:     0x5616ca206ad5 - core::ops::function::impls::<impl core::ops::function::FnOnce<A> for &F>::call_once::h49ef85a8a8d45198
[INFO] [stderr]                                  at /rustc/9610dfe5a9a731ced1ea4923ecbd0c57fe367898/library/core/src/ops/function.rs:284:13
[INFO] [stderr]     25:     0x5616ca206ad5 - std::panicking::try::do_call::ha1def14af693a135
[INFO] [stderr]                                  at /rustc/9610dfe5a9a731ced1ea4923ecbd0c57fe367898/library/std/src/panicking.rs:500:40
[INFO] [stderr]     26:     0x5616ca206ad5 - std::panicking::try::haa3dc2a1139932e2
[INFO] [stderr]                                  at /rustc/9610dfe5a9a731ced1ea4923ecbd0c57fe367898/library/std/src/panicking.rs:464:19
[INFO] [stderr]     27:     0x5616ca206ad5 - std::panic::catch_unwind::h9d9cbebaf9f15c67
[INFO] [stderr]                                  at /rustc/9610dfe5a9a731ced1ea4923ecbd0c57fe367898/library/std/src/panic.rs:142:14
[INFO] [stderr]     28:     0x5616ca206ad5 - std::rt::lang_start_internal::{{closure}}::hf660a772669a69cc
[INFO] [stderr]                                  at /rustc/9610dfe5a9a731ced1ea4923ecbd0c57fe367898/library/std/src/rt.rs:148:48
[INFO] [stderr]     29:     0x5616ca206ad5 - std::panicking::try::do_call::hb1c34715bb9b1c46
[INFO] [stderr]                                  at /rustc/9610dfe5a9a731ced1ea4923ecbd0c57fe367898/library/std/src/panicking.rs:500:40
[INFO] [stderr]     30:     0x5616ca206ad5 - std::panicking::try::h499866fd990da8f1
[INFO] [stderr]                                  at /rustc/9610dfe5a9a731ced1ea4923ecbd0c57fe367898/library/std/src/panicking.rs:464:19
[INFO] [stderr]     31:     0x5616ca206ad5 - std::panic::catch_unwind::hac1ffec55b72e7bc
[INFO] [stderr]                                  at /rustc/9610dfe5a9a731ced1ea4923ecbd0c57fe367898/library/std/src/panic.rs:142:14
[INFO] [stderr]     32:     0x5616ca206ad5 - std::rt::lang_start_internal::h0fecf91cd579e7b6
[INFO] [stderr]                                  at /rustc/9610dfe5a9a731ced1ea4923ecbd0c57fe367898/library/std/src/rt.rs:148:20
[INFO] [stderr]     33:     0x5616ca1a6357 - std::rt::lang_start::h402f2f0e802d1d32
[INFO] [stderr]     34:     0x5616ca1a52c5 - main
[INFO] [stderr]     35:     0x7f6687770d90 - <unknown>
[INFO] [stderr]     36:     0x7f6687770e40 - __libc_start_main
[INFO] [stderr]     37:     0x5616ca19ee25 - _start
[INFO] [stderr]     38:                0x0 - <unknown>
[INFO] [stderr] warning: build failed, waiting for other jobs to finish...
[INFO] [stdout] error: aborting due to 4 previous errors
[INFO] [stdout] 
[INFO] [stdout] 
[INFO] [stdout] For more information about this error, try `rustc --explain E0034`.
[INFO] [stdout] 
[INFO] [stderr] error: could not compile `petgraph` (lib) due to 5 previous errors
[INFO] running `Command { std: "docker" "inspect" "b5ce704fc73f5a556b484a2fdad9777998155158228980d24ead22f82e40081a", kill_on_drop: false }`
[INFO] running `Command { std: "docker" "rm" "-f" "b5ce704fc73f5a556b484a2fdad9777998155158228980d24ead22f82e40081a", kill_on_drop: false }`
[INFO] [stdout] b5ce704fc73f5a556b484a2fdad9777998155158228980d24ead22f82e40081a
